{"id":30,"date":"2021-06-26T11:35:47","date_gmt":"2021-06-26T14:35:47","guid":{"rendered":"http:\/\/ipjburon.edu.ar\/?page_id=30"},"modified":"2022-04-06T13:36:53","modified_gmt":"2022-04-06T16:36:53","slug":"contactenos","status":"publish","type":"page","link":"http:\/\/ipjburon.edu.ar\/index.php\/contactenos\/","title":{"rendered":"Cont\u00e1ctenos"},"content":{"rendered":"\n<p><strong>Instituto Padre Juan Bur\u00f3n<\/strong><br><strong>Direcci\u00f3n:<\/strong>\u00a0Aviador Mira 2658, X5011CQP<br>C\u00f3rdoba. Argentina.<strong><br>e-mail<\/strong>: pjburon@hotmail.com<br><strong>Tel\u00e9fono<\/strong>: 351-8977316<br><strong>Internos<\/strong><br>Administraci\u00f3n 102<br>Direcci\u00f3n Jard\u00edn 103<br>Vicedirecci\u00f3n 106<br>Secretar\u00eda 107<br>Direcci\u00f3n Primaria 108<\/p>\n","protected":false},"excerpt":{"rendered":"<p>Instituto Padre Juan Bur\u00f3nDirecci\u00f3n:\u00a0Aviador Mira 2658, X5011CQPC\u00f3rdoba. Argentina.e-mail: pjburon@hotmail.comTel\u00e9fono: 351-8977316InternosAdministraci\u00f3n 102Direcci\u00f3n Jard\u00edn 103Vicedirecci\u00f3n 106Secretar\u00eda 107Direcci\u00f3n Primaria 108<\/p>\n","protected":false},"author":1,"featured_media":0,"parent":0,"menu_order":0,"comment_status":"closed","ping_status":"closed","template":"","meta":{"footnotes":""},"class_list":["post-30","page","type-page","status-publish"],"_links":{"self":[{"href":"http:\/\/ipjburon.edu.ar\/index.php\/wp-json\/wp\/v2\/pages\/30","targetHints":{"allow":["GET"]}}],"collection":[{"href":"http:\/\/ipjburon.edu.ar\/index.php\/wp-json\/wp\/v2\/pages"}],"about":[{"href":"http:\/\/ipjburon.edu.ar\/index.php\/wp-json\/wp\/v2\/types\/page"}],"author":[{"embeddable":true,"href":"http:\/\/ipjburon.edu.ar\/index.php\/wp-json\/wp\/v2\/users\/1"}],"replies":[{"embeddable":true,"href":"http:\/\/ipjburon.edu.ar\/index.php\/wp-json\/wp\/v2\/comments?post=30"}],"version-history":[{"count":3,"href":"http:\/\/ipjburon.edu.ar\/index.php\/wp-json\/wp\/v2\/pages\/30\/revisions"}],"predecessor-version":[{"id":123,"href":"http:\/\/ipjburon.edu.ar\/index.php\/wp-json\/wp\/v2\/pages\/30\/revisions\/123"}],"wp:attachment":[{"href":"http:\/\/ipjburon.edu.ar\/index.php\/wp-json\/wp\/v2\/media?parent=30"}],"curies":[{"name":"wp","href":"https:\/\/api.w.org\/{rel}","templated":true}]}}