{"id":28,"date":"2021-06-26T11:33:47","date_gmt":"2021-06-26T14:33:47","guid":{"rendered":"http:\/\/ipjburon.edu.ar\/?page_id=28"},"modified":"2021-06-26T11:33:47","modified_gmt":"2021-06-26T14:33:47","slug":"historia","status":"publish","type":"page","link":"http:\/\/ipjburon.edu.ar\/index.php\/historia\/","title":{"rendered":"Historia"},"content":{"rendered":"\n<p><strong><em>\u201c\u2026Id, y ense\u00f1ad a todas las gentes\u2026yo estar\u00e9 siempre con ustedes hasta el fin del mundo\u201d (Mt.28, 19-20)<\/em><\/strong><\/p>\n\n\n\n<p>La creaci\u00f3n de las escuelas parroquiales son la respuesta a una demanda de la iglesia es por ello que en su magisterio y en los Documentos, debemos hallar su m\u00e1s claro marco referencial.<\/p>\n\n\n\n<p>El esp\u00edritu que mueve la creaci\u00f3n de nuestra escuela no es otro que el mismo propuesto por el Nuevo Testamento: Evangelizar.<\/p>\n\n\n\n<p>El Proyecto Educativo de nuestra instituci\u00f3n nace a partir del prop\u00f3sito del Padre Juan Bur\u00f3n, quien avizora para la Zona la necesidad de brindar una educaci\u00f3n personalizada e integral.<\/p>\n\n\n\n<p>El Padre Juan Bur\u00f3n naci\u00f3 el 23 de julio de 1899 en Le\u00f3n, Espa\u00f1a.<\/p>\n\n\n\n<p>&nbsp;&nbsp;&nbsp; Sinti\u00f3 el llamado de Dios e ingres\u00f3 a la Compa\u00f1\u00eda de Jes\u00fas. Estudi\u00f3 humanidades, filosof\u00eda y teolog\u00eda en Granada, Espa\u00f1a, orden\u00e1ndose Sacerdote el 30 de julio de 1930.<\/p>\n\n\n\n<p>&nbsp;&nbsp;&nbsp;&nbsp; Fue trasladado a Argentina el 28 de noviembre de 1940 y vivi\u00f3 en la Residencia Mayor de C\u00f3rdoba entre los a\u00f1os 1940 y 1965.<\/p>\n\n\n\n<p>&nbsp;&nbsp;&nbsp;&nbsp;&nbsp;&nbsp;&nbsp; Comenz\u00f3 su tarea de evangelizaci\u00f3n en Villa Adela alrededor del a\u00f1o 1950.<\/p>\n\n\n\n<p>Entre 1955 y 1957 el Padre Juan Bur\u00f3n daba clases de catequesis bajo un gran algarrobo, pero adem\u00e1s de la Palabra de Dios, ense\u00f1aba a leer y a escribir, ya que la mayor\u00eda de sus alumnos eran analfabetos.<\/p>\n\n\n\n<p>&nbsp;&nbsp;&nbsp;&nbsp;&nbsp;&nbsp;&nbsp; All\u00ed, en ese momento, debajo de ese \u00e1rbol, es que notaba la gran necesidad de la zona, ya que no hab\u00eda escuelas ni iglesias cercanas. Y as\u00ed nace ese importante sue\u00f1o, el de tener un lugar para ense\u00f1ar y para evangelizar.<\/p>\n\n\n\n<p>Los pobladores de la zona fueron acostumbr\u00e1ndose a ver una figura alta y corpulenta, que con una permanente sonrisa se sub\u00eda a una carretilla en las esquinas y con un meg\u00e1fono convocaba a sus fieles.<\/p>\n\n\n\n<p>Y poco a poco fueron avanzando rumbo al cumplimiento del sue\u00f1o. Primero fueron s\u00f3lo unas paredes con techo de lona. Pero gracias a la gran alegr\u00eda y fortaleza del Padre Juan, el dinero comenz\u00f3 a llegar a trav\u00e9s de rifas, ferias y kermeses que organizaba.<\/p>\n\n\n\n<p>El sue\u00f1o se fue cumpliendo ladrillo a ladrillo, hasta que un d\u00eda, el sol ilumin\u00f3 la escuela que \u00e9l llam\u00f3 \u201cSanta Teresita\u201d, en la que daba clases, catequesis y Misas los fines de semana. Con su perseverancia logr\u00f3 ver los frutos, los sue\u00f1os cumplidos y el gozo obtenido al verla construida.<\/p>\n\n\n\n<p>&nbsp;&nbsp;&nbsp;&nbsp;&nbsp;&nbsp;&nbsp; Pero el Padre Juan tuvo que enfrentar una enfermedad que lo llev\u00f3 de regreso a su patria natal, Espa\u00f1a, donde el 15 de julio de 1966 Dios lo llam\u00f3 para estar junto a \u00c9l.<\/p>\n\n\n\n<p>El Padre Novillo Paul\u00ed reemplaz\u00f3 a la corpulenta figura del Padre Juan y resolvi\u00f3 que el sue\u00f1o hecho realidad llevase el nombre de su hacedor.<\/p>\n\n\n\n<p>As\u00ed, a partir del 24 de junio de 1967, nuestra instituci\u00f3n pasa a llamarse \u201cEscuela Padre Juan Bur\u00f3n\u201d, el nombre de unas manos y una sonrisa que hicieron posible nuestro presente.<\/p>\n\n\n\n<p>&nbsp;&nbsp;&nbsp;&nbsp;&nbsp;&nbsp;&nbsp;&nbsp; Poco despu\u00e9s la Fundaci\u00f3n Bel\u00e9n la toma a su cargo junto a otra, la escuela \u201cSan Jos\u00e9 Obrero\u201cde Villa El Libertador, tambi\u00e9n creada por el Padre Juan, siendo su propietaria hasta el a\u00f1o 2013, en que dicha Fundaci\u00f3n se disuelve y pasando ambos establecimientos a pertenecer al Arzobispado de C\u00f3rdoba, tal como est\u00e1 establecido en los estatutos de la Fundaci\u00f3n Bel\u00e9n, convirti\u00e9ndonos as\u00ed en una Instituci\u00f3n Diocesana.<\/p>\n","protected":false},"excerpt":{"rendered":"<p>\u201c\u2026Id, y ense\u00f1ad a todas las gentes\u2026yo estar\u00e9 siempre con ustedes hasta el fin del mundo\u201d (Mt.28, 19-20) La creaci\u00f3n de las escuelas parroquiales son la respuesta a una demanda de la iglesia es por ello que en su magisterio y en los Documentos, debemos hallar su m\u00e1s claro marco referencial. El esp\u00edritu que mueve &#8230; <a title=\"Historia\" class=\"read-more\" href=\"http:\/\/ipjburon.edu.ar\/index.php\/historia\/\">Read more<\/a><\/p>\n","protected":false},"author":1,"featured_media":0,"parent":0,"menu_order":0,"comment_status":"closed","ping_status":"closed","template":"","meta":{"footnotes":""},"class_list":["post-28","page","type-page","status-publish"],"_links":{"self":[{"href":"http:\/\/ipjburon.edu.ar\/index.php\/wp-json\/wp\/v2\/pages\/28","targetHints":{"allow":["GET"]}}],"collection":[{"href":"http:\/\/ipjburon.edu.ar\/index.php\/wp-json\/wp\/v2\/pages"}],"about":[{"href":"http:\/\/ipjburon.edu.ar\/index.php\/wp-json\/wp\/v2\/types\/page"}],"author":[{"embeddable":true,"href":"http:\/\/ipjburon.edu.ar\/index.php\/wp-json\/wp\/v2\/users\/1"}],"replies":[{"embeddable":true,"href":"http:\/\/ipjburon.edu.ar\/index.php\/wp-json\/wp\/v2\/comments?post=28"}],"version-history":[{"count":1,"href":"http:\/\/ipjburon.edu.ar\/index.php\/wp-json\/wp\/v2\/pages\/28\/revisions"}],"predecessor-version":[{"id":29,"href":"http:\/\/ipjburon.edu.ar\/index.php\/wp-json\/wp\/v2\/pages\/28\/revisions\/29"}],"wp:attachment":[{"href":"http:\/\/ipjburon.edu.ar\/index.php\/wp-json\/wp\/v2\/media?parent=28"}],"curies":[{"name":"wp","href":"https:\/\/api.w.org\/{rel}","templated":true}]}}